 remainder when x(5) is divided by g(-6)?
28
What is the remainder when -4*((-1)/2)/(54/5157) is divided by 32?
31
Suppose -26*g = -21*g - 3*r - 2361, 0 = -5*r + 15. Calculate the remainder when g is divided by 28.
26
Suppose -t - 4*t + 2145 = 0. What is the remainder when t is divided by 86?
85
Calculate the remainder when 3 + 9/(-2) - 110/(-4) is divided by (9 + 0)*(0 + 1).
8
Suppose -300*p + 290*p = -2960. Calculate the remainder when p is divided by 60.
56
Let u = 9 - 5. Let t be 40/(-90) - (-5)/(-90)*-188. What is the remainder when 43 is divided by -1 + u + 190/t?
21
Let p(k) = 43*k**2. Calculate the remainder when p(-2) is divided by 22.
18
Suppose -4*s = 5*p - 66, 5*p = -s - 237 + 306. Calculate the remainder when 153 is divided by p.
13
Let q = 7 - 53. Let j = 128 + -50. What is the remainder when j is divided by ((-69)/q)/((-1)/(-18))?
24
Let f be (-319)/(-99) - (-2)/(-9). Suppose -b + 11 + f = 0. Suppose j = -0*j + 5. What is the remainder when b is divided by j?
4
Suppose -7*o + 3*o + 4*h + 1104 = 0, -h + 266 = o. Calculate the remainder when o is divided by 16.
15
Let q(w) = -3*w + 38. What is the remainder when 269 is divided by q(10)?
5
What is the remainder when (3 - (-225 - -7))*1 is divided by 68?
17
Suppose a - 73 - 12 = -5*s, -68 = -4*s + a. What is the remainder when 59 is divided by s?
8
Let o(t) = -t**3 + 7*t**2 + 8*t - 9. Let n be o(8). Let m be (-2)/6 + 69/n. Let w = m - -20. What is the remainder when 22 is divided by w?
10
Let j = 425 - -151. Calculate the remainder when j is divided by 17.
15
Suppose 1296 = 4*x - 4*j, 5*j = 6*j + 4. What is the remainder when x is divided by 46?
44
Let m = 632 - 2274. Calculate the remainder when (m/(-26) - 3) + 4/(-26) is divided by 16.
12
Suppose -199*n = -200*n + 54. What is the remainder when 373 is divided by n?
49
Suppose -1140 = -28*g - 32*g. Calculate the remainder when 130 is divided by g.
16
Suppose 95 = 8*u - 33. What is the remainder when 239 is divided by u?
15
Suppose -22*g + 17*g + 65 = 0. Suppose 6*m - 5*m = 0. Suppose m*b = 5*b - 40. What is the remainder when g is divided by b?
5
What is the remainder when 405 is divided by 0 - 5 - 3 - -25?
14
Suppose 2*x = d - 5*d + 28, -35 = -5*d - 3*x. Suppose -19*s + 20*s = 75. Suppose -4*b = -s + 3. What is the remainder when b is divided by d?
4
Suppose -2*s = -5*s. Let j be (-5)/((-25)/(-2))*-175. Suppose s = 5*w - 25, 0*w - 2*w - j = -5*c. Calculate the remainder when c is divided by 9.
7
What is the remainder when 76 is divided by 0 + (-2)/7 + 66007/1043?
13
Let m be 0/((-16)/(-4)) - -21. Suppose q + 12 = 5*q, -4*q = 3*v - m. Let a = 73 - 70. What is the remainder when v is divided by a?
0
What is the remainder when ((-9)/18*-1)/((-2)/(-156)) is divided by 10?
9
Let s(x) = -x**2 - 7*x + 7. Let f be 12/(-60) + (-372)/(-10). Let p = -12 + f. What is the remainder when p is divided by s(-6)?
12
Let b(z) = -16*z + 2. Let t = 14 - 16. Calculate the remainder when 67 is divided by b(t).
33
Suppose 305 = 7*n - 143. What is the remainder when 123 is divided by n?
59
Suppose -4*r - 104 = -4*q, 2*q - 16 = q - r. Suppose -q = -l - a, 5*a + 8 = a. What is the remainder when 65 is divided by l?
19
Let k = -85 - -220. Let g = -46 + k. Suppose 3*l + 0*l = -4*d + 53, -4*l + d = -96. What is the remainder when g is divided by l?
20
Let t(n) = 5*n**2 - 1. Let s be t(1). Suppose s*x + x - 10 = 0. What is the remainder when 6 is divided by (8 - 4 - 2) + x?
2
Suppose 0 = 5*x - 4*n + 898, -4*n + 540 = -3*x - n. Let b = x - -387. Calculate the remainder when b is divided by 21.
20
Let o(u) = -3*u - 6. Suppose -4*q = -2*n - 80, q + n = 5*q - 78. Let z = q + -16. Calculate the remainder when o(-6) is divided by z.
0
Suppose 5*o = -42*y + 38*y + 40, -2*y + 2*o = -2. Suppose -4 = -2*j - 2. Calculate the remainder when y is divided by j.
0
Let d = 5 - -2. Let f = 195 - 168. What is the remainder when f is divided by d?
6
Let j(r) = 2*r**2 - 22*r - 236. What is the remainder when j(-10) is divided by 94?
90
Calculate the remainder when (11252/(-87))/(4/(-30)) is divided by 108.
106
Let a(z) = -z**3 - 3*z**2 + 3*z - 1. Let p be a(-4). Suppose c - 27 = 2*j, 4*c + 27 - 168 = -p*j. What is the remainder when c is divided by 11?
0
Let p = 25 - 17. Suppose -3*r + 4*u = -4*r - 14, 2*r - 20 = 4*u. Calculate the remainder when p is divided by (-1)/r*-2*5.
3
Suppose -4*z - 42 = -3*r, 5*z + 8 = r - 39. Let q = 13 + z. Calculate the remainder when ((-3)/(-6))/(2/44) is divided by q.
3
Suppose -q - 22 = -4*j, 3*j + 4*q = -4 + 30. Suppose -3*l - 15 = 0, 60 = 6*p + 3*l - 3. What is the remainder when p is divided by j?
1
Let p = -374 - -469. Let s = 18 - -15. Calculate the remainder when p is divided by s.
29
Suppose 3*j - r - 21 = 0, -2*r = -33*j + 36*j - 30. Let f(z) = -2*z**2 - 2*z. Let d be f(-2). Let p = d + 19. Calculate the remainder when p is divided by j.
7
Let d = -13 - -20. Let m be (-1 - 2)/((-6)/(-4)). Calculate the remainder when m/(-1) + (-50)/(-2) is divided by d.
6
Suppose -2 = p - 6. Suppose 4 = -f - i + 17, -2*f - 5*i = -32. Calculate the remainder when f is divided by p.
3
Let x(y) = y**3 - 19*y**2 - 19. Let u be x(19). Let z = u - -15. Calculate the remainder when 374/6 + z/12 is divided by 33.
29
Let h = -332 + 559. What is the remainder when h is divided by 46?
43
Let h = -14 + 17. Suppose r - w = -h + 4, w = -2*r - 1. What is the remainder when (r + 4)*3/2 is divided by 4?
2
Let l be (36/(-8) - -4)*40. Let s = 35 + l. Calculate the remainder when 28 is divided by s.
13
Calculate the remainder when (3 + 394)*-10*1/(-5) is divided by 15.
14
Suppose -32*n + 9*n + 1679 = 0. Calculate the remainder when n is divided by 26.
21
Suppose -j + 455 = 3*j + b, 5*b = 3*j - 347. Calculate the remainder when 24 is divided by (4 - j/18)/(1/(-3)).
3
Suppose 9 + 3 = -6*q. Let c(p) = -p**2 - 3*p - 1. Let g be c(q). Suppose -4*o = 5*x - 31, x + o - g - 5 = 0. What is the remainder when x is divided by 4?
3
Let p(o) = -o + 21. Let t(w) = 11. Let a(d) = 6*p(d) - 13*t(d). What is the remainder when a(-9) is divided by 13?
11
Let t(v) = -107*v - 762. Let u(z) = z**2 - z + 5. Calculate the remainder when t(-8) is divided by u(0).
4
Calculate the remainder when 38 is divided by 1*3/(-6) - (-697)/34.
18
Let k = 218 - 24. What is the remainder when k is divided by 49?
47
Let o = 0 - 11. Let n(v) = v**2 + 8*v + 1. Calculate the remainder when 100 is divided by n(o).
32
Let y(w) = -w**2 + w + 1. Let z be y(0). Let r = z + 3. Suppose q + 122 - 12 = 4*c, -r*c + 114 = q. Calculate the remainder when 82 is divided by c.
26
Suppose 0 = 4*f + 4*t - 72, 29 = 2*f - 7*t + 2*t. What is the remainder when 42 is divided by f?
8
Let a = -65 + 84. Suppose 2*w = a - 1. What is the remainder when 19 is divided by w?
1
Suppose -6 = -4*p + 30. Suppose -3*t = -6, t + 27 = y + p. What is the remainder when 119 is divided by y?
19
Let c(g) = g**2 - 16*g - 16. Let k be c(17). Let d(a) = k - a - 2*a + 0*a - a. What is the remainder when d(-4) is divided by 4?
1
What is the remainder when 142*(25/10 - 2) is divided by 7/((-40)/15 - -3)?
8
Let x = 1006 + -352. Suppose 7*j - x = j. Calculate the remainder when j is divided by 28.
25
Let x = -404 - -433. Suppose 0 = -0*g + 5*g - 15. Let r(l) = 5*l**2 + 4*l. Calculate the remainder when r(g) is divided by x.
28
Suppose 25 = 5*v, 5*y - 71 = 3*y - v. Let o be 14/28 + (-309)/6. Let u = -39 - o. What is the remainder when y is divided by u?
9
Let q = -80 - -36. Let j = q + 108. Suppose 0 = 6*m - 2*m - 88. Calculate the remainder when j is divided by m.
20
Let w be (-72)/8 - (2 - 4)/(-1). Suppose 0 = -3*g + 3*t + 51, -9*g - 3*t = -4*g - 125. Let l = w + g. Calculate the remainder when 30 is divided by l.
8
Suppose 0 = -3*r + 10 - 4. Suppose 0 = r*z - 20 - 34. Calculate the remainder when z is divided by 9.
0
Let v be 26*(-2 + 0)*4. Let q be (-6)/(-8)*v/26. Calculate the remainder when 6 is divided by -1*3/9*q.
0
Let l(v) = v**2 + 70*v + 745. Suppose -y + 175 = -4*j, 2*j + 2*y - 35 = 3*j. What is the remainder when 8/(-10)*j/6 is divided by l(-13)?
2
Suppose -5*f = 90 - 315. Calculate the remainder when 58 is divided by f.
13
Let m = 1072 - 1053. What is the remainder when 243 is divided by m?
15
Let g = 543 + -374. What is the remainder when g is di